der when z is divided by 46?
43
Calculate the remainder when 26/702*36 + 874/6 is divided by 85.
62
Suppose -1280 + 416 = -32*v. Calculate the remainder when 81 is divided by (45/v)/(20/336).
25
Calculate the remainder when (-1 + 2 - (-32)/(-16)) + 300 is divided by 162.
137
Let o = 2757 - 2658. Let m = 182 + -137. What is the remainder when o is divided by m?
9
Suppose -5*c - 40 = 0, -4*l + 6*c - 10*c = -16. Calculate the remainder when 4162 is divided by l.
10
Suppose -748 = 3*z - 7*z. Calculate the remainder when z is divided by (-4)/((-12)/27)*1.
7
Let y(b) be the third derivative of -b**6/120 - 7*b**5/60 + b**4/6 - 13*b**3/6 - 20*b**2. Calculate the remainder when ((-7)/(-7))/(1/35) is divided by y(-8).
16
Let f(t) = 2*t**2 - 17*t + 57. Calculate the remainder when 196 is divided by f(3).
4
Suppose -30334 = 249*d - 75512 - 65129. What is the remainder when d is divided by 252?
191
Suppose -10*a + 1643 = -10877. What is the remainder when a is divided by 157?
153
Let b = -2643 - -4431. Suppose -b = -41*w - 476. Calculate the remainder when 188 is divided by w.
28
Suppose 0 = 5*d - 3*n - 59, -2*n + 19 = 4*d + 7. Calculate the remainder when 4202 is divided by d.
2
Let k(d) = 2*d**2 + 18*d + 2. Let l be k(-9). Suppose -a + 31 = 8*h - 7*h, 0 = 4*h + l*a - 124. Calculate the remainder when h is divided by 11.
9
Suppose -2*r + v = -62, 130 = -2*r + 5*v + 216. Suppose -2*g + 28 = -0*g - 4*q, -25 = -5*g + q. Let l = 12 - g. What is the remainder when r is divided by l?
4
Suppose 12*y + y + 1482 = 0. Calculate the remainder when 151 is divided by 1/(-3 - 348/y).
18
Let x = 2888 - 2636. Calculate the remainder when x is divided by 81.
9
Let v = 163 + -3. Suppose v = 23*n - 18*n. Calculate the remainder when 91 is divided by n.
27
Suppose -12 = -3*n - 0. Suppose 0 = 2*p - 34 + n. Let q = -18 - -23. What is the remainder when p is divided by q?
0
Let z(o) = o**3 + 4*o**2 + 3*o + 9. Let i(w) = 2*w - 14. Let t be i(5). Let b be z(t). Calculate the remainder when 29 is divided by (-1)/(b/90*2).
14
Let l(c) = -5*c - 76. Suppose -17 = 2*d + 23. What is the remainder when 117 is divided by l(d)?
21
Suppose -189 = 230*z - 253*z + 41. Let k = 5 - -3. Suppose 0 = 3*l - 7*l + k. Calculate the remainder when z is divided by l.
0
Let h(x) = -x**3 - 5*x**2 + 13*x + 22. Let c be h(-5). Let f(n) = -n**2 - 46*n - 119. What is the remainder when 76 is divided by f(c)?
6
Let v(d) = d**3 - 7*d**2 + 6. Let z = 204 + -199. Let m(i) = i**2 + 2*i - 26. Calculate the remainder when m(z) is divided by v(7).
3
Suppose 2096*r + 3103 = 2125*r. Calculate the remainder when 286 is divided by r.
72
Let x be (-3)/27 - (-252)/81. Suppose -x*b + 4*k - 18 = -4*b, 4*b - 15 = 3*k. Calculate the remainder when 52 is divided by b.
4
Suppose 11*u - 3 = 12*u. Let n be (u + (-6)/(-30))/(2/(-10)). Suppose 0 = r - 2 - n. Calculate the remainder when 45 is divided by r.
13
Let f be (-75)/(-50) + 4686/4. Let q = f - 465. Suppose 0 = -0*i + 12*i - q. Calculate the remainder when i is divided by 20.
19
Let r = 79 - 80. Let c be 0 + 11 + (1 - 0) + r. Suppose 5*s = c*s - 72. Calculate the remainder when 46 is divided by s.
10
Let j(p) = -4*p**3 - 57*p**2 + 93*p - 26. What is the remainder when 969 is divided by j(-16)?
135
Let z(n) = 17*n + 2. What is the remainder when ((-214)/((-12)/(-18)*-12))/((-71)/(-284)) is divided by z(2)?
35
Suppose -4*a - 1014 = -2518. Suppose 0 = -18*v + 10*v + a. Calculate the remainder when 137 is divided by v.
43
Let w(c) = 72*c + 1858. Suppose -3*z + 2*j + 171 = -339, 3*j = z - 177. Calculate the remainder when z is divided by w(-25).
52
Let j = 818 - 486. Let r = 404 - j. What is the remainder when 215 is divided by r?
71
Let r = 2847 - 2703. What is the remainder when r is divided by 39?
27
Suppose -5*g + 30 = -2*g. Suppose 0 = -3*c + 2*h + 70, 0 = 5*c + h - 122 - 12. Calculate the remainder when c is divided by g.
6
Let m = -6556 - -6742. Calculate the remainder when 359 is divided by m.
173
Let a(u) = -44*u - 51. Let c be a(-11). Let q = -406 + c. Calculate the remainder when 133 is divided by q.
25
Suppose 5*w = 4*j - 2013 + 752, 937 = 3*j + 5*w. Let i = j - -13. Calculate the remainder when i is divided by 33.
30
Let g(n) = 13*n + 507. Suppose 2*r - 11 = 63. Calculate the remainder when r is divided by g(-38).
11
Let h(y) = 35*y + 18. Let n be h(9). Let b be n/117 + 4/26. Suppose -6*q + 63 = b*q. What is the remainder when 27 is divided by q?
6
Let n be 468/90 - (-3)/(-15). Let i(m) be the first derivative of -m**4/4 + 4*m**3/3 + 5*m**2/2 + 11*m - 3. What is the remainder when 96 is divided by i(n)?
8
Let d = 467 - 186. Let b = d - 263. Calculate the remainder when b is divided by 15.
3
What is the remainder when (-18)/(-6)*(-95)/(-3) is divided by (9/(-2) - 243/(-162)) + 28?
20
Calculate the remainder when 330/8 - 3/12 is divided by 20/(-5) - -7 - (6 - -6)*-1.
11
Let a(s) = 34*s**3 + s**2 - 1. Let n be ((-22)/33)/((-6)/9). What is the remainder when 135 is divided by a(n)?
33
Suppose -3*t - 30 = -111. Calculate the remainder when (-2 - 0/(-13))/(6/(-321)) is divided by t.
26
Suppose 23*c - 736 = -12*c + 944. Calculate the remainder when 704 is divided by c.
32
Let o = 3809 + -1796. Calculate the remainder when o is divided by 32.
29
Suppose 3*i - 490 = 35. Suppose 0 = 55*f - 50*f - i. Calculate the remainder when 112 is divided by f.
7
Suppose 5*o - 8*o + 81 = 0. Let x = o - 15. Let q = 60 - 30. Calculate the remainder when q is divided by x.
6
Suppose 4*m - 17 = z, -m + 7 = z - 1. Suppose 12*q - 16 = 11*q + 5*j, -z*q - 5*j = -8. Let x = 13 - -2. What is the remainder when x is divided by q?
3
Suppose -2*r - 3*r + 7302 = 3*l, -r + 6*l = -1500. Calculate the remainder when r is divided by 145.
14
Suppose 4*a - 24 = -4*t, -4*t - a + 8 = -28. What is the remainder when 218 is divided by t?
8
Let h(z) = 55*z**2 - 2. Suppose 5*m - 9*m - 5*w + 405 = 0, 0 = 2*m - w - 213. What is the remainder when m is divided by h(-1)?
52
Suppose -5*b = 2*u - 303, 22 - 10 = -2*u. Calculate the remainder when 253 is divided by b.
1
Let q(m) = 3*m**2 - 5*m + 2. Let p(t) = 10*t - 7*t + 0*t + 12*t + 151. Calculate the remainder when q(4) is divided by p(-9).
14
Let x(w) = 6*w**3 + 11*w**2 + 5*w + 16. What is the remainder when 20 is divided by x(-2)?
0
Let u = 2647 + -2630. Calculate the remainder when 35 is divided by u.
1
Suppose 3*g + 4*d - 61 = 606, -4*g = 5*d - 888. Suppose -q + 4*q - b + 10 = 0, 0 = 5*b + 10. Calculate the remainder when g is divided by (-2)/q - (-172)/8.
19
Suppose -38 = -3*r + l, 5*r - 159*l - 86 = -163*l. Calculate the remainder when 1776 is divided by r.
12
Let k(c) = -c**2 - 11*c - 38. Let b(h) = -h**2 - h + 1. Let f(o) = 2*b(o) - k(o). Calculate the remainder when f(12) is divided by 1.
0
Suppose -3*n = -4*o + 20, 5*n + 9*o = 14*o - 25. Suppose -20*u - 62 + 202 = n. Suppose -5*i = -i - 8. What is the remainder when u is divided by i?
1
Let a(q) = 719*q + 959. What is the remainder when a(2) is divided by 239?
7
Calculate the remainder when 55 is divided by 526/14 - 34*(-34)/(-2023).
18
Suppose -2*b + 14 = 2*p, b + 4*p + 0*p = 19. Let r = 294 + -259. What is the remainder when ((-28)/8 + b)*-206 is divided by r?
33
Calculate the remainder when (-4)/92 - 227304/(-943) is divided by 238.
3
Suppose -1547 = -128*y + 115*y - 117. Calculate the remainder when 367 is divided by y.
37
Suppose q = w - 38, -4*q - 2*w - 56 = 78. Let b(r) = -13*r + 9. Let i be b(4). Let o = q - i. What is the remainder when 14 is divided by o?
6
Let v be 63/81 + 3/((-54)/(-4)). Suppose 2*t - v = 35. Suppose 3*r - 265 = -u, 2*u - 7*u = 3*r - 257. What is the remainder when r is divided by t?
17
Let f(x) = 29*x + 1. Let w(y) = 3*y**2 - 90*y - 2420. Calculate the remainder when w(-18) is divided by f(2).
54
Let c(n) = -n**3 - n**2 - 4*n + 50. Let h be c(0). Suppose -39*m - h = -41*m. What is the remainder when 45 is divided by m?
20
Suppose -2*g - y = -g - 254, -771 = -3*g + 6*y. Calculate the remainder when g is divided by 64.
63
Let l = -914 + 919. Suppose -4*g - 5*k = -130, 0 = l*g - 2*g - 4*k - 82. What is the remainder when 387 is divided by g?
27
Let p = 29264 - 29155. Suppose 3*k = -3*j + 120, -2*k = j + 2*j - 125. What is the remainder when p is divided by j?
19
Suppose 4*a + 0